 5. Let s be i(4). Let v = s + w. What is the highest common divisor of 12 and v?
12
Let s = 207 + -153. Calculate the highest common factor of s and 12.
6
Let m(o) = -o**2 - o**2 - o - o**3 - 4*o**2 + 2*o**2. Let z be m(-4). What is the highest common divisor of z and 16?
4
Let d = -17 + 98. Suppose 0 = j + 1 - 10. Calculate the greatest common divisor of j and d.
9
Let r = -2 - -16. Let b be 6/45 - 2/(-60)*626. What is the highest common divisor of b and r?
7
Let p = 1 - 1. Let y be -4 - 4/(-2) - -5. Suppose -67 = -2*m - 3*x, y*m + 4*x + p*x = 100. What is the greatest common factor of m and 8?
8
Let b = 305 - 193. Let c = b + 18. Suppose -8*f + 3*f + c = 0. Calculate the greatest common factor of 13 and f.
13
Let u = -5 - -17. What is the greatest common divisor of 108 and u?
12
Let d(u) be the second derivative of -u**5/20 - u**4/12 - u**3/6 + 6*u**2 + 4*u. Let z be d(0). What is the greatest common divisor of 6 and z?
6
Let n be 1/(6/(-4))*-3. Suppose 7 = -q - n. Let z = 24 + q. Calculate the greatest common divisor of z and 6.
3
Let c(i) = -10*i - 2. Let p = -5 + -1. Let a be 7/(-5) - p/(-10). Let d be c(a). Calculate the greatest common divisor of d and 108.
18
Let b = 8 - 18. Let z = 17 + b. Suppose n - 18 = 3. What is the highest common factor of z and n?
7
Suppose 0 = -5*g - 3*a + 41, 2*a - 1 - 24 = -3*g. What is the highest common factor of g and 63?
7
Suppose -257 = -0*o - o. Suppose -3*l = -5*y + l + o, -l - 52 = -y. What is the highest common divisor of y and 7?
7
Suppose 4*o = 5*u - 37, 4*u - 23 = -0*o + o. Let n = -75 - -100. Calculate the greatest common factor of u and n.
5
Let f be (5/10)/(69/(-72) - -1). Calculate the greatest common divisor of f and 96.
12
Let l = -282 + 436. Let b(i) = -i**3 - i**2 + 2*i + 2. Let r be b(-3). What is the greatest common divisor of l and r?
14
Let c be (4 + (-54)/45)*5/2. Calculate the highest common divisor of 2 and c.
1
Let f(o) = o**3 - o**2 + 3*o - 9. Let m be f(3). What is the highest common divisor of m and 12?
6
Suppose 964 = 6*y - 4*y. Let i = 713 - y. What is the greatest common factor of 21 and i?
21
Let z(l) = -l**2 + 9*l - 2. Let r be z(6). Calculate the greatest common factor of r and 144.
16
Let i(q) = -16*q - 1. Let w be i(-1). Suppose -k - 230 - 305 = -4*z, 2*k - 280 = -2*z. Calculate the highest common factor of z and w.
15
Suppose -4*p + 2*j + 0*j + 540 = 0, 5*j - 540 = -4*p. What is the highest common factor of 27 and p?
27
Let u = 269 - 155. What is the greatest common divisor of 38 and u?
38
Let k = 13 + -15. Let b be -1 + 3 + -2 - k. What is the highest common divisor of b and 5?
1
Let g(c) = -c**2 - 4*c. Let l be g(-3). Suppose 4*y = -l*w + 95, 4*w - 20 = -0*w. Calculate the highest common divisor of 50 and y.
10
Suppose 3*c + 2 = -4*g, -c = 4*c - 4*g - 18. Suppose m - 2 = n, -2*m - 5 = -6*n + n. Calculate the greatest common divisor of m and c.
1
Suppose 6*j + 10 = 8*j. Let n be ((-8)/j)/(20/(-450)). Let l(g) = 4*g - 10. Let b be l(7). What is the highest common divisor of b and n?
18
Suppose 0 = 2*l + 4, -4*l - 15 = -y. Suppose 54 + 30 = 3*x. Calculate the greatest common divisor of y and x.
7
Let d be (21/(-14)*3)/(6/(-88)). Calculate the highest common divisor of d and 44.
22
Let z(q) = 153*q**2 + 2*q - 1. Let l(p) = -p**2 - 2*p. Let u be l(-1). Let w be z(u). What is the greatest common factor of 14 and w?
14
Let s = 9 - 2. Let w(r) = -r**3 + 3*r**2 - r - 1. Let m be w(2). Suppose x = s - m. Calculate the highest common factor of x and 2.
2
Let h(z) = -z**2 + 12*z - 11. Let j be h(12). Let b = j - -27. What is the greatest common divisor of 144 and b?
16
Suppose 0 = 2*n - 5*n - 27. Let q be 12/(-4) - (n - 0). Calculate the highest common divisor of 30 and q.
6
Let m be 2/(1*(-1)/(-2)). Suppose 0 = 2*x - 5*q - 35, -5*x + 4*q + 51 + 45 = 0. What is the highest common factor of x and m?
4
Suppose -144 = -16*j + 12*j. Calculate the greatest common divisor of 9 and j.
9
Let v = 52 + -32. What is the greatest common factor of 40 and v?
20
Let j(y) = 3*y - 2. Let f = 0 - -5. Let m be j(f). What is the highest common divisor of 39 and m?
13
Let b be ((-1)/((-3)/15))/1. Suppose -5*r - 30 = -b*s + 145, -195 = -5*s + r. Calculate the highest common divisor of s and 20.
20
Let x(p) = 2*p**2 - 12*p + 1. Suppose -21 = -c + 4*f, -3*f + 11 + 16 = 4*c. Let q be x(c). Calculate the highest common factor of q and 22.
11
Let p = 5 - 12. Let y(k) be the second derivative of k**4/12 + 2*k**3/3 - 5*k**2 - 3*k. Let x be y(p). Calculate the highest common factor of 77 and x.
11
Let r be -1*4*(-6)/(-8). Let k be r - 0 - (-27 + 4). Calculate the highest common divisor of 8 and k.
4
Let w(d) = 8*d - 42. Let x be w(6). What is the highest common factor of 6 and x?
6
Let q(p) = -p - 11. Let h be q(-6). Let v(i) = -i - 3. Let f be v(h). Let t be f + -2 + 23 + -2. What is the highest common divisor of t and 7?
7
Suppose -10 + 7 = -f. Suppose -2*s - 15 = -c, 10 = -5*s + f*s. What is the greatest common divisor of c and 2?
1
Suppose 0 = -s + 15. Let z(a) = 5*a**2 - 2*a - 1. Let x be z(-1). Calculate the greatest common factor of x and s.
3
Let g = -15 - -26. Let u = -5 + g. Suppose -12 + 31 = 2*p - 3*z, 10 = -2*z. What is the greatest common factor of u and p?
2
Suppose -4*o - 12 + 65 = -g, 2*o + 1 = -5*g. Let y = 21 - o. What is the highest common divisor of y and 54?
9
Let i = 68 - 34. What is the greatest common divisor of 102 and i?
34
Let y be (-166)/(-4) - (-4)/(-8). Suppose -71 = -2*n - h, 3*n = -h + 148 - y. What is the highest common factor of 18 and n?
18
Suppose -a = -2*l - 14, -6*l - 76 = -5*a - 2*l. Calculate the greatest common divisor of a and 80.
16
Suppose -3*g = -5*g + 182. Suppose -2*n - 3*t = -0*n + 4, 5 = 3*n - t. Let l = 14 - n. Calculate the highest common divisor of g and l.
13
Let z(y) = y**3 - y. Let j be z(1). Let a be ((-2)/3 - j)*-24. Suppose r = 3*g + 14, -3*r + 26 = -r - 5*g. Calculate the highest common factor of a and r.
8
Let w be 351/6 + 3/2. What is the highest common divisor of 15 and w?
15
Suppose -4*k = 46 - 166. What is the highest common divisor of k and 6?
6
Let a be (-4 + 9)/((-1)/(-1)). Calculate the greatest common factor of 35 and a.
5
Let a(p) = p**3 + 2*p**2 - 5*p - 7. Let q be a(5). Suppose 27 = 5*n - 38. Calculate the highest common factor of n and q.
13
Suppose 15 = -0*b - 5*b. Let n = b + 5. What is the greatest common divisor of n and 2?
2
Let a(l) = 2*l**2 - 7*l + 9. Let u be a(6). Let f(i) = -2*i**2 + 18*i - 3. Let c be f(8). Calculate the greatest common factor of c and u.
13
Let o = -1 + 1. Suppose -2*x + 3*q = q, -x - q = o. Let j(r) = r + 88. Let t be j(x). What is the highest common factor of 11 and t?
11
Let l be (-12)/(-8) + 2/(-4). Let r = l - -1. Let x be r/(-1*(-3)/33). What is the greatest common factor of x and 22?
22
Let u be -1 + -4 + 2 + 120. Calculate the highest common factor of 39 and u.
39
Let g = 12 + 186. Calculate the greatest common divisor of g and 22.
22
Suppose -1050 = -10*l + 5*l. Calculate the greatest common divisor of 21 and l.
21
Suppose 0 = -59*p + 62*p - 15. Let j = 0 + 3. Suppose j*d - 9 = -3. Calculate the highest common divisor of p and d.
1
Let t = -13 - -19. Let s(z) = 4*z. Let m = 5 - -1. Let y be s(m). Calculate the greatest common factor of t and y.
6
Let y be (-12)/8*-1*2. Suppose -y*t = -4*t + 2. Let m(h) = h**2 - 6*h - 3. Let v be m(7). What is the greatest common divisor of t and v?
2
Let y(c) = -3*c + 1. Let m be y(-5). What is the greatest common divisor of 8 and m?
8
Suppose 0 = 5*d + 4*z - z - 57, 0 = 5*d - 2*z - 62. Let p be d/9*9/2. Calculate the greatest common divisor of p and 2.
2
Let p(g) = -6*g - 11. Suppose -6 = 10*b - 9*b. Let c be p(b). What is the highest common factor of c and 5?
5
Let a be (1*-3)/((-2)/114). Suppose 5*y + 0*s + 3*s - 83 = 0, 0 = -3*y - 3*s + 45. Calculate the highest common divisor of a and y.
19
Let s(m) = -4*m**2 + 3*m + 4. Let a be s(3). Let k = 47 + a. What is the highest common divisor of 12 and k?
12
Suppose 3*b + 16 - 1 = -d, -5*d + 4*b + 20 = 0. Suppose d = -6*t + 2*t. Let v be -7*(-1 + t/2). What is the highest common divisor of 14 and v?
7
Suppose -5*l + 5*y = -370, -6*y + 2 = -5*y. What is the highest common divisor of 19 and l?
19
Let s(h) = -h**3 